{"id":645,"date":"2014-08-16T19:05:31","date_gmt":"2014-08-16T17:05:31","guid":{"rendered":"http:\/\/www.brazilbabyaffair.org\/?page_id=645"},"modified":"2017-11-18T09:07:54","modified_gmt":"2017-11-18T08:07:54","slug":"palestras-apresentacoes","status":"publish","type":"page","link":"https:\/\/www.brazilbabyaffair.org\/pt-br\/publicacoes-recursos\/palestras-apresentacoes\/","title":{"rendered":"Palestras &amp; Apresenta\u00e7\u00f5es"},"content":{"rendered":"<p>Esta se\u00e7\u00e3o mostra todos os eventos passados e futuros da ONG relativos \u00e0 palestras e apresenta\u00e7\u00f5es.<\/p>\n<p>Os membros de nossa equipe est\u00e3o dispon\u00edveis para palestras e apresenta\u00e7\u00f5es sobre as origens da ONG, suas atividades e sua raz\u00e3o de ser nas seguintes l\u00ednguas: holand\u00eas, ingl\u00eas, franc\u00eas, alem\u00e3o, italiano, portugu\u00eas e espanhol.<\/p>\n<p>&nbsp;<\/p>\n<hr \/>\n<h4>Pr\u00f3ximas palestras e apresenta\u00e7\u00f5es<\/h4>\n<p>Atualmente n\u00e3o ha eventos programados.<\/p>\n<p>&nbsp;<\/p>\n<hr \/>\n<h4>Palestras e apresenta\u00e7\u00f5es passadas<\/h4>\n<p><em>18 de novembro de 2017<\/em><br \/>\n&#8220;La recherche des familles &#8211; Offrir des solutions&#8221;<\/p>\n<ul>\n<li><a href=\"http:\/\/www.brazilbabyaffair.org\/wp-content\/uploads\/2017\/11\/LaVDA_Presentation_NGO-BBA.pdf\">Apresenta\u00e7\u00e3o de Patrick Noordoven<\/a>, Conf\u00e9rence: D\u00e9rives dans l&#8217;adoption &#8211; Comment r\u00e9pondre ensemble aux cons\u00e9quences des adoptions irr\u00e9guli\u00e8res?, La Voix des Adopt\u00e9s et Born in Lebanon, Paris, Fran\u00e7a<\/li>\n<\/ul>\n<p><em>10 de junho de 2016<\/em><br \/>\n&#8220;The Human Right to Identity and Intercountry Adoption \u2013 False Birth Registration Practices&#8221;<\/p>\n<ul>\n<li><a href=\"http:\/\/www.brazilbabyaffair.org\/pt-br\/publicacoes-recursos\/palestras-apresentacoes\/palestra-na-adoption-initiative-conference-2016\/\">Palestra Patrick Noordoven na &#8220;Myth and Reality in Adoption: Transforming Practice Through Lessons Learned&#8221;<\/a>, 9th Biennial Adoption Conference, Montclair State University, Montclair, New Jersey, USA<\/li>\n<\/ul>\n<p><em>24 de mar\u00e7o de 2015<\/em><br \/>\n&#8220;Direito \u00e0 Identidade: Problemas globais \u2013 Solu\u00e7\u00f5es no Brasil&#8221;<\/p>\n<ul>\n<li><a href=\"http:\/\/www.brazilbabyaffair.org\/pt-br\/publicacoes-recursos\/palestras-apresentacoes\/evento-24-de-marco-direito-a-identidade-problemas-globais-solucoes-no-brasil\/\" title=\"Evento 24 de mar\u00e7o \u2013 \u2018Direito \u00e0 Identidade: Problemas globais \u2013 Solu\u00e7\u00f5es no Brasil\u2019\">&#8216;Direito \u00e0 Identidade: Problemas globais \u2013 Solu\u00e7\u00f5es no Brasil&#8217;<\/a>,  S\u00e3o Paulo, Brasil<\/li>\n<\/ul>\n<p><em>10 de fevereiro de 2015<\/em><br \/>\n&#8220;Direito \u00e0 Identidade \u2013 Superando as lutas da Ado\u00e7\u00e3o Internacional ilegal&#8221;<\/p>\n<ul>\n<li><a href=\"http:\/\/www.brazilbabyaffair.org\/pt-br\/publicacoes-recursos\/palestras-apresentacoes\/ong-evento-direito-a-identidade-zurique\/\" title=\"Evento \u2018Direito \u00e0 Identidade\u2019 \u2013 10 fevereiro\">&#8216;Direito \u00e0 Identidade \u2013 Superando as lutas da Ado\u00e7\u00e3o Internacional ilegal&#8217;<\/a>,  Zurique, Su\u00ed\u00e7a<\/li>\n<\/ul>\n<p><em>20 de novembro de 2014<\/em><br \/>\n&#8220;Adotado ilegalmente do Brasil \u2013 buscar sem informa\u00e7\u00f5es&#8221;<\/p>\n<ul>\n<li><a title=\"Right to Roots\" href=\"http:\/\/www.brazilbabyaffair.org\/pt-br\/publications-resources\/palestras-apresentacoes\/right-to-roots\/\">Apresenta\u00e7\u00e3o de Patrick para o evento \u2018Direito \u00e0s Ra\u00edzes\u2019<\/a>, Fiom confer\u00eancia, Amsterd\u00e3, Holanda<\/li>\n<\/ul>\n<p><em>19 de setembro 2014<\/em><br \/>\n&#8220;The Brazil Baby Affair: How my illegal intercountry adoption violated my human rights and kept me from finding my true identity&#8221;<\/p>\n<ul>\n<li><a title=\"Hague Talks\" href=\"http:\/\/www.brazilbabyaffair.org\/pt-br\/publicacoes-recursos\/palestras-apresentacoes\/hague-talks\/\">Palestra de Patrick para o evento Hague Talks<\/a>, Pal\u00e1cio da Paz, Haia, Holanda<\/li>\n<\/ul>\n<p>&nbsp;<\/p>\n<p>Se voc\u00ea tamb\u00e9m quer convidar um representante da ONG Brazil Baby Affair para o seu evento, por favor, <a href=\"mailto:contact@brazilbabyaffair.org?SUBJECT=Presentation\">contate-nos<\/a>.<\/p>\n","protected":false},"excerpt":{"rendered":"<p>Esta se\u00e7\u00e3o mostra todos os eventos passados e futuros da ONG relativos \u00e0 palestras e apresenta\u00e7\u00f5es. Os membros de nossa equipe est\u00e3o dispon\u00edveis para palestras e apresenta\u00e7\u00f5es sobre as origens da ONG, suas atividades e sua raz\u00e3o de ser nas seguintes l\u00ednguas: holand\u00eas, ingl\u00eas, franc\u00eas, alem\u00e3o, italiano, portugu\u00eas e espanhol. &nbsp; Pr\u00f3ximas palestras e apresenta\u00e7\u00f5es &hellip; <\/p>\n<div class=\"more-link-wrapper\"><a href=\"https:\/\/www.brazilbabyaffair.org\/pt-br\/publicacoes-recursos\/palestras-apresentacoes\/\" class=\"more-link\">Continue reading<span class=\"screen-reader-text\"> &#8220;Palestras &amp; Apresenta\u00e7\u00f5es&#8221;<\/span><\/a><\/div>\n","protected":false},"author":1,"featured_media":0,"parent":734,"menu_order":1,"comment_status":"closed","ping_status":"closed","template":"template-full.php","meta":{"jetpack_post_was_ever_published":false,"footnotes":""},"class_list":["post-645","page","type-page","status-publish","no-comments"],"jetpack_shortlink":"https:\/\/wp.me\/P59dNp-ap","jetpack_sharing_enabled":true,"_links":{"self":[{"href":"https:\/\/www.brazilbabyaffair.org\/pt-br\/wp-json\/wp\/v2\/pages\/645","targetHints":{"allow":["GET"]}}],"collection":[{"href":"https:\/\/www.brazilbabyaffair.org\/pt-br\/wp-json\/wp\/v2\/pages"}],"about":[{"href":"https:\/\/www.brazilbabyaffair.org\/pt-br\/wp-json\/wp\/v2\/types\/page"}],"author":[{"embeddable":true,"href":"https:\/\/www.brazilbabyaffair.org\/pt-br\/wp-json\/wp\/v2\/users\/1"}],"replies":[{"embeddable":true,"href":"https:\/\/www.brazilbabyaffair.org\/pt-br\/wp-json\/wp\/v2\/comments?post=645"}],"version-history":[{"count":10,"href":"https:\/\/www.brazilbabyaffair.org\/pt-br\/wp-json\/wp\/v2\/pages\/645\/revisions"}],"predecessor-version":[{"id":1950,"href":"https:\/\/www.brazilbabyaffair.org\/pt-br\/wp-json\/wp\/v2\/pages\/645\/revisions\/1950"}],"up":[{"embeddable":true,"href":"https:\/\/www.brazilbabyaffair.org\/pt-br\/wp-json\/wp\/v2\/pages\/734"}],"wp:attachment":[{"href":"https:\/\/www.brazilbabyaffair.org\/pt-br\/wp-json\/wp\/v2\/media?parent=645"}],"curies":[{"name":"wp","href":"https:\/\/api.w.org\/{rel}","templated":true}]}}

Palestras &amp; Apresentações

<p>Esta seção mostra todos os eventos passados e futuros da ONG relativos à palestras e apresentações.</p>
<p>Os membros de nossa equipe estão disponíveis para palestras e apresentações sobre as origens da ONG, suas atividades e sua razão de ser nas seguintes línguas: holandês, inglês, francês, alemão, italiano, português e espanhol.</p>
<p>&nbsp;</p>
<hr />
<h4>Próximas palestras e apresentações</h4>
<p>Atualmente não ha eventos programados.</p>
<p>&nbsp;</p>
<hr />
<h4>Palestras e apresentações passadas</h4>
<p><em>18 de novembro de 2017</em><br />
&#8220;La recherche des familles &#8211; Offrir des solutions&#8221;</p>
<ul>
<li><a href="http://www.brazilbabyaffair.org/wp-content/uploads/2017/11/LaVDA_Presentation_NGO-BBA.pdf">Apresentação de Patrick Noordoven</a>, Conférence: Dérives dans l&#8217;adoption &#8211; Comment répondre ensemble aux conséquences des adoptions irrégulières?, La Voix des Adoptés et Born in Lebanon, Paris, França</li>
</ul>
<p><em>10 de junho de 2016</em><br />
&#8220;The Human Right to Identity and Intercountry Adoption – False Birth Registration Practices&#8221;</p>
<ul>
<li><a href="http://www.brazilbabyaffair.org/pt-br/publicacoes-recursos/palestras-apresentacoes/palestra-na-adoption-initiative-conference-2016/">Palestra Patrick Noordoven na &#8220;Myth and Reality in Adoption: Transforming Practice Through Lessons Learned&#8221;</a>, 9th Biennial Adoption Conference, Montclair State University, Montclair, New Jersey, USA</li>
</ul>
<p><em>24 de março de 2015</em><br />
&#8220;Direito à Identidade: Problemas globais – Soluções no Brasil&#8221;</p>
<ul>
<li><a href="http://www.brazilbabyaffair.org/pt-br/publicacoes-recursos/palestras-apresentacoes/evento-24-de-marco-direito-a-identidade-problemas-globais-solucoes-no-brasil/" title="Evento 24 de março – ‘Direito à Identidade: Problemas globais – Soluções no Brasil’">&#8216;Direito à Identidade: Problemas globais – Soluções no Brasil&#8217;</a>,  São Paulo, Brasil</li>
</ul>
<p><em>10 de fevereiro de 2015</em><br />
&#8220;Direito à Identidade – Superando as lutas da Adoção Internacional ilegal&#8221;</p>
<ul>
<li><a href="http://www.brazilbabyaffair.org/pt-br/publicacoes-recursos/palestras-apresentacoes/ong-evento-direito-a-identidade-zurique/" title="Evento ‘Direito à Identidade’ – 10 fevereiro">&#8216;Direito à Identidade – Superando as lutas da Adoção Internacional ilegal&#8217;</a>,  Zurique, Suíça</li>
</ul>
<p><em>20 de novembro de 2014</em><br />
&#8220;Adotado ilegalmente do Brasil – buscar sem informações&#8221;</p>
<ul>
<li><a title="Right to Roots" href="http://www.brazilbabyaffair.org/pt-br/publications-resources/palestras-apresentacoes/right-to-roots/">Apresentação de Patrick para o evento ‘Direito às Raízes’</a>, Fiom conferência, Amsterdã, Holanda</li>
</ul>
<p><em>19 de setembro 2014</em><br />
&#8220;The Brazil Baby Affair: How my illegal intercountry adoption violated my human rights and kept me from finding my true identity&#8221;</p>
<ul>
<li><a title="Hague Talks" href="http://www.brazilbabyaffair.org/pt-br/publicacoes-recursos/palestras-apresentacoes/hague-talks/">Palestra de Patrick para o evento Hague Talks</a>, Palácio da Paz, Haia, Holanda</li>
</ul>
<p>&nbsp;</p>
<p>Se você também quer convidar um representante da ONG Brazil Baby Affair para o seu evento, por favor, <a href="mailto:contact@brazilbabyaffair.org?SUBJECT=Presentation">contate-nos</a>.</p>

<p>Esta seção mostra todos os eventos passados e futuros da ONG relativos à palestras e apresentações. Os membros de nossa equipe estão disponíveis para palestras e apresentações sobre as origens da ONG, suas atividades e sua razão de ser nas seguintes línguas: holandês, inglês, francês, alemão, italiano, português e espanhol. &nbsp; Próximas palestras e apresentações &hellip; </p>
<div class="more-link-wrapper"><a href="https://www.brazilbabyaffair.org/pt-br/publicacoes-recursos/palestras-apresentacoes/" class="more-link">Continue reading<span class="screen-reader-text"> &#8220;Palestras &amp; Apresentações&#8221;</span></a></div>
